 of 3233?
2
What is the thousands digit of 4141?
4
What is the units digit of 25521?
1
What is the tens digit of 47939?
3
What is the units digit of 8898?
8
What is the units digit of 864?
4
What is the tens digit of 51130?
3
What is the thousands digit of 10171?
0
What is the units digit of 4101?
1
What is the hundreds digit of 16971?
9
What is the hundreds digit of 1286?
2
What is the ten thousands digit of 46651?
4
What is the hundreds digit of 14735?
7
What is the tens digit of 8021?
2
What is the units digit of 11415?
5
What is the hundreds digit of 22429?
4
What is the units digit of 1000?
0
What is the units digit of 74538?
8
What is the tens digit of 3311?
1
What is the units digit of 699?
9
What is the units digit of 76296?
6
What is the ten thousands digit of 60460?
6
What is the thousands digit of 7341?
7
What is the ten thousands digit of 73040?
7
What is the thousands digit of 6007?
6
What is the hundreds digit of 103?
1
What is the units digit of 36055?
5
What is the hundreds digit of 507?
5
What is the units digit of 180460?
0
What is the units digit of 475?
5
What is the units digit of 328?
8
What is the tens digit of 121604?
0
What is the units digit of 1222?
2
What is the hundreds digit of 2150?
1
What is the thousands digit of 17075?
7
What is the thousands digit of 5042?
5
What is the hundreds digit of 40039?
0
What is the units digit of 2300?
0
What is the tens digit of 929?
2
What is the ten thousands digit of 34051?
3
What is the hundreds digit of 366?
3
What is the units digit of 1334?
4
What is the tens digit of 29846?
4
What is the hundreds digit of 1407?
4
What is the tens digit of 165?
6
What is the hundreds digit of 5599?
5
What is the ten thousands digit of 11797?
1
What is the hundreds digit of 5230?
2
What is the tens digit of 915?
1
What is the hundreds digit of 3205?
2
What is the ten thousands digit of 27570?
2
What is the hundreds digit of 197221?
2
What is the thousands digit of 2064?
2
What is the units digit of 31391?
1
What is the hundreds digit of 199?
1
What is the ten thousands digit of 19198?
1
What is the tens digit of 53172?
7
What is the tens digit of 155?
5
What is the tens digit of 557?
5
What is the units digit of 375?
5
What is the tens digit of 31545?
4
What is the units digit of 37?
7
What is the hundreds digit of 12259?
2
What is the units digit of 3750?
0
What is the units digit of 32569?
9
What is the units digit of 6893?
3
What is the thousands digit of 10680?
0
What is the thousands digit of 48221?
8
What is the tens digit of 1259?
5
What is the thousands digit of 1409?
1
What is the ten thousands digit of 17522?
1
What is the hundreds digit of 21284?
2
What is the ten thousands digit of 42227?
4
What is the hundreds digit of 14944?
9
What is the tens digit of 9798?
9
What is the tens digit of 39697?
9
What is the units digit of 20265?
5
What is the tens digit of 78?
7
What is the thousands digit of 3099?
3
What is the tens digit of 62?
6
What is the hundreds digit of 85565?
5
What is the hundreds digit of 10997?
9
What is the units digit of 5227?
7
What is the ten thousands digit of 42445?
4
What is the thousands digit of 4042?
4
What is the units digit of 9419?
9
What is the thousands digit of 1113?
1
What is the tens digit of 16732?
3
What is the units digit of 1964?
4
What is the tens digit of 50110?
1
What is the thousands digit of 5461?
5
What is the thousands digit of 4072?
4
What is the tens digit of 225?
2
What is the units digit of 53117?
7
What is the thousands digit of 56069?
6
What is the tens digit of 40178?
7
What is the thousands digit of 24462?
4
What is the tens digit of 1520?
2
What is the thousands digit of 1675?
1
What is the hundreds digit of 707?
7
What is the units digit of 140?
0
What is the units digit of 899?
9
What is the hundreds digit of 4717?
7
What is the tens digit of 22090?
9
What is the hundreds digit of 880?
8
What is the tens digit of 1068?
6
What is the units digit of 5585?
5
What is the units digit of 1597?
7
What is the ten thousands digit of 11368?
1
What is the thousands digit of 11276?
1
What is the tens digit of 3493?
9
What is the ten thousands digit of 35576?
3
What is the tens digit of 1312?
1
What is the ten thousands digit of 43385?
4
What is the tens digit of 2074?
7
What is the units digit of 132?
2
What is the hundreds digit of 22071?
0
What is the hundreds digit of 2233?
2
What is the hundreds digit of 1992?
9
What is the tens digit of 1343?
4
What is the thousands digit of 4451?
4
What is the units digit of 849?
9
What is the tens digit of 2823?
2
What is the tens digit of 162?
6
What is the units digit of 6701?
1
What is the units digit of 537?
7
What is the tens digit of 8134?
3
What is the units digit of 2947?
7
What is the thousands digit of 1296?
1
What is the thousands digit of 4545?
4
What is the hundreds digit of 1870?
8
What is the ten thousands digit of 105509?
0
What is the tens digit of 2486?
8
What is the units digit of 18487?
7
What is the thousands digit of 7676?
7
What is the thousands digit of 17802?
7
What is the thousands digit of 4770?
4
What is the hundreds digit of 4968?
9
What is the hundreds digit of 6464?
4
What is the thousands digit of 14456?
4
What is the units digit of 1300?
0
What is the units digit of 15421?
1
What is the tens digit of 10906?
0
What is the hundreds digit of 12539?
5
What is the hundreds digit of 197?
1
What is the units digit of 5489?
9
What is the tens digit of 962?
6
What is the hundreds digit of 14003?
0
What is the tens digit of 3447?
4
What is the units digit of 5772?
2
What is the units digit of 320?
0
What is the units digit of 2756?
6
What is the thousands digit of 9038?
9
What is the tens digit of 1042?
4
What is the hundreds digit of 2494?
4
What is the hundreds digit of 12029?
0
What is the units digit of 117?
7
What is the hundreds digit of 2834?
8
What is the units digit of 2450?
0
What is the tens digit of 15?
1
What is the units digit of 1884?
4
What is the units digit of 8963?
3
What is the units digit of 12675?
5
What is the tens digit of 41941?
4
What is the tens digit of 774?
7
What is the hundreds digit of 455?
4
What is the tens digit of 2163?
6
What is the hundreds digit of 15168?
1
What is the ten thousands digit of 16211?
1
What is the units digit of 3414?
4
What is the units digit of 3033?
3
What is the hundreds digit of 173?
1
What is the tens digit of 13928?
2
What is the tens digit of 4034?
3
What is the thousands digit of 36173?
6
What is the thousands digit of 22656?
2
What is the tens digit of 1723?
2
What is the units digit of 3445?
5
What is the units digit of 516?
6
What is the units digit of 886?
6
What is the tens digit of 14463?
6
What is the hundreds digit of 563?
5
What is the ten thousands digit of 31211?
3
What is the tens digit of 35091?
9
What is the hundreds digit of 801?
8
What is the tens digit of 1169?
6
What is the units digit of 64?
4
What is the thousands digit of 21002?
1
What is the units digit of 607?
7
What is the tens digit of 1092?
9
What is the units digit of 2787?
7
What is the units digit of 4081?
1
What is the ten thousands digit of 13962?
1
What is the thousands digit of 4227?
4
What is the thousands digit of 6475?
6
What is the tens digit of 54366?
6
What is the hundreds digit of 69340?
3
What is the thousands digit of 40434?
0
What is the ten thousands digit of 22158?
2
What is the hundreds digit of 698?
6
What is the thousands digit of 2693?
2
What is the hundreds digit of 29180?
1
What is the tens digit of 1084?
8
What is the units digit of 1901?
1
What is the tens digit of 14145?
4
What is the units digit of 37502?
2
What is the tens digit of 761?
6
What is the units digit of 80611?
1
What is the units digit of 140?
0
What is the units digit of 4703?
3
What is the hundreds digit of 9576?
5
What is the thousands digit of 9478?
9
What is the units digit of 12?
2
What is the thousands digit of 1144?
1
What is the units digit of 6800?
0
What is the thousands digit of 131101?
1
What is the thousands digit of 64403?
4
What is the units digit of 1461?
1
What is the hundreds digit of 1296?
2
What is the tens digit of 82?
8
What is the ten thousands digit of 23649?
2
What is the tens digit of 2579?
7
What is the thousands dig